{"id":26,"date":"2020-10-26T17:12:40","date_gmt":"2020-10-26T16:12:40","guid":{"rendered":"https:\/\/newadaoncloud.staging.thedigitalbox.com\/es\/?page_id=26"},"modified":"2023-02-01T16:19:02","modified_gmt":"2023-02-01T15:19:02","slug":"porque-ada","status":"publish","type":"page","link":"https:\/\/www.adaoncloud.com\/cat\/porque-ada\/","title":{"rendered":"Porqu\u00e9 ADA"},"content":{"rendered":"<p>[vc_row full_width=&#8221;stretch_row_content_no_spaces&#8221; equal_height=&#8221;yes&#8221; rtl_reverse=&#8221;yes&#8221; content_placement=&#8221;top&#8221;][vc_column width=&#8221;1\/3&#8243;][vc_custom_heading text=&#8221;Vine<br \/>\nConfia<br \/>\nGuanya&#8221; font_container=&#8221;tag:h1|font_size:70px|text_align:left|color:%23083944&#8243; use_theme_fonts=&#8221;yes&#8221; css_animation=&#8221;fadeInDown&#8221;][vc_column_text css_animation=&#8221;fadeInUp&#8221; el_class=&#8221;paragrafo padding10 font15&#8243;]<\/p>\n<h4>La nostra ra\u00f3 de ser<\/h4>\n<p>Ajudem els marketers, de forma r\u00e0pida i efica\u00e7, a aconseguir el millor M\u00e0rqueting per als seus nous clients.[\/vc_column_text][vc_btn title=&#8221;Reg\u00edstra&#8217;t GRATIS&#8221; style=&#8221;custom&#8221; custom_background=&#8221;#9c495d&#8221; custom_text=&#8221;#ffffff&#8221; shape=&#8221;round&#8221; size=&#8221;lg&#8221; align=&#8221;left&#8221; css_animation=&#8221;fadeInUp&#8221; link=&#8221;url:https%3A%2F%2Flps.adaoncloud.com%2F2IHj2&#8243;][\/vc_column][vc_column width=&#8221;2\/3&#8243; css=&#8221;.vc_custom_1613127373738{background-image: url(https:\/\/www.www.adaoncloud.com\/ct\/wp-content\/uploads\/sites\/16\/2021\/02\/ada-man-pc.png?id=1542) !important;background-position: center !important;background-repeat: no-repeat !important;background-size: contain !important;}&#8221;][vc_single_image image=&#8221;1542&#8243; img_size=&#8221;full&#8221; alignment=&#8221;right&#8221;][\/vc_column][\/vc_row][vc_row content_placement=&#8221;bottom&#8221; css=&#8221;.vc_custom_1607332715541{margin-top: 0px !important;margin-bottom: 0px !important;}&#8221; el_class=&#8221;cabecera&#8221;][vc_column][vc_row_inner content_placement=&#8221;bottom&#8221;][vc_column_inner width=&#8221;2\/6&#8243;][vc_column_text]<\/p>\n<div style=\"display: none;\">\n<p><strong>Esto el es motivo por el cual ha nacido\u00a0ADAonCloud, ayudar a los\u00a0marketeros\u00a0de forma r\u00e1pida y eficaz de hacer el mejor Marketing para conseguir nuevos clientes.<\/strong><\/p>\n<p>Hemos creado e integrado todas <b>las herramientas mas potente<\/b> del mercado, las hemos <b>metido en un \u00fanica plataforma<\/b>, y hemos dado importancia a <b>la sencillez de uso,<\/b> para que trabajando pueda optimizar los tiempos, aumentar la productividad de tus campa\u00f1as,\u00a0diminuir\u00a0costes y transformar los clientes en clientes fidelizados.<\/div>\n<p>[\/vc_column_text][vc_custom_heading text=&#8221;Benvinguts Marketers!&#8221; font_container=&#8221;tag:h1|text_align:center|color:%23083944&#8243; use_theme_fonts=&#8221;yes&#8221;][\/vc_column_inner][vc_column_inner width=&#8221;1\/6&#8243;][\/vc_column_inner][vc_column_inner width=&#8221;3\/6&#8243;][vc_empty_space height=&#8221;60px&#8221;][vc_column_text]<\/p>\n<p style=\"text-align: left;\">En aquests temps tan competitius, el consumidor \u00e9s cada cop m\u00e9s exigent i actiu. \u00c9s per aix\u00f2 que davant de la necessitat d&#8217;adquirir eines m\u00e9s assequibles i adaptables a les diferents estrat\u00e8gies de m\u00e0rqueting<strong> ADAonCloud ha creat i integrat totes les eines m\u00e9s potents del mercat en una sola plataforma<\/strong>.<\/p>\n<p style=\"text-align: left;\">La seva senzillesa d&#8217;\u00fas aconsegueix optimitzar els temps de producci\u00f3, augmentant i millorant el resultat de les campanyes mentre disminueixes els costos generals<br \/>\n<span style=\"display: none;\"> \u00a0 En aquests temps on el consumidor \u00e9s cada cop m\u00e9s exigent i est\u00e0 sempre actiu, s&#8217;ha creat la necessitat de tenir eines m\u00e9s performants que ajudin el treball del m\u00e0rqueting a individuar i comunicar constantment amb el client. Crear continguts ideals per a ells, distribuir-lo en una forma r\u00e0pida i efectiva a trav\u00e9s de diversos canals i convertir-lo des de curiosos en clients fidelitzats a trav\u00e9s accions de nutriment usant tots els processos de M\u00e0rqueting\u00a0Automation\u00a0de manera a fomentar les converses digitals entre empresa i client.<\/span>[\/vc_column_text][\/vc_column_inner][\/vc_row_inner][vc_row_inner][vc_column_inner width=&#8221;2\/6&#8243;][vc_single_image image=&#8221;1783&#8243; img_size=&#8221;medium&#8221; alignment=&#8221;right&#8221; css_animation=&#8221;slideInLeft&#8221;][\/vc_column_inner][vc_column_inner width=&#8221;1\/6&#8243;][vc_empty_space height=&#8221;50px&#8221;][vc_column_text css_animation=&#8221;fadeInUp&#8221;]<\/p>\n<h5 style=\"margin-bottom: 0px; text-transform: none; color: #9c495d;\"><strong>Massimiliano Brigida<\/strong><\/h5>\n<p><sup>CEO &amp; Co-Founder<\/sup>[\/vc_column_text][\/vc_column_inner][vc_column_inner width=&#8221;3\/6&#8243;][vc_column_text]<\/p>\n<p style=\"text-align: left;\">Amb ADA pots crear <strong>continguts Mobile, distribuir-los<\/strong> a trav\u00e9s de tots els canals i <strong>mesurar<\/strong> <strong>els resultats<\/strong> de les campanyes tot optimitzat per processos <strong>d&#8217;Intel\u00b7lig\u00e8ncia Artificial.<\/strong><\/p>\n<p>[\/vc_column_text][\/vc_column_inner][\/vc_row_inner][\/vc_column][\/vc_row][vc_section full_width=&#8221;stretch_row&#8221; css=&#8221;.vc_custom_1615389840636{padding-top: 40px !important;background-color: #03a69e !important;}&#8221;][vc_row][vc_column][vc_single_image image=&#8221;1607&#8243; img_size=&#8221;medium&#8221; css_animation=&#8221;flipInY&#8221;][vc_column_text el_class=&#8221;blanco&#8221;]<\/p>\n<h4 style=\"color: #ffffff!important;\">ADA \u00e9s genial per als esdeveniments i promocions que fem. Generem Leads usant les Landings AMP i els Codis QR. Quan arriben a la Customer Data platform procedim a l&#8217;enviament de Newlettes i processos de M\u00e0rqueting Automation. Tot aix\u00f2 \u00e9s possible gr\u00e0cies a ADA de manera senzilla, r\u00e0pida i en una \u00fanica soluci\u00f3.<\/h4>\n<p><sub class=\"citado\" style=\"color: #ffffff!important;\"><strong>Anne Scheel<\/strong> | <em>Marketing Bridgestone<\/em><\/sub>[\/vc_column_text][\/vc_column][\/vc_row][\/vc_section][vc_row][vc_column][vc_empty_space][vc_separator][\/vc_column][\/vc_row][vc_row][vc_column][vc_custom_heading text=&#8221;Uneix-te a Nosaltres&#8221; font_container=&#8221;tag:h1|font_size:43px|text_align:center|color:%23083944|line_height:60px&#8221; use_theme_fonts=&#8221;yes&#8221; css_animation=&#8221;fadeInDown&#8221; css=&#8221;.vc_custom_1674583769529{margin-top: 4% !important;}&#8221;][vc_column_text css_animation=&#8221;fadeInDown&#8221; css=&#8221;.vc_custom_1674583789027{margin-bottom: 2% !important;}&#8221;]<\/p>\n<p style=\"text-align: center;\">Comen\u00e7a a revolucionar el teu negoci amb l\u00b4orientaci\u00f3 d\u00b4un dels nostres experts.<\/p>\n<p>[\/vc_column_text][vc_btn title=&#8221;Reg\u00edstra&#8217;t GRATIS&#8221; style=&#8221;custom&#8221; custom_background=&#8221;#9c495d&#8221; custom_text=&#8221;#ffffff&#8221; shape=&#8221;round&#8221; size=&#8221;lg&#8221; align=&#8221;center&#8221; css_animation=&#8221;fadeInUp&#8221; link=&#8221;url:https%3A%2F%2Flps.adaoncloud.com%2F2IHj2&#8243;][\/vc_column][\/vc_row][vc_row][vc_column][vc_separator][\/vc_column][\/vc_row][vc_row el_class=&#8221;bottomMenu&#8221;][vc_column width=&#8221;1\/3&#8243; el_class=&#8221;bottomMenu&#8221;][vc_btn title=&#8221;Live webinar | Inscr\u00edbete gratis&#8221; style=&#8221;custom&#8221; custom_background=&#8221;#9c495d&#8221; custom_text=&#8221;#ffffff&#8221; shape=&#8221;round&#8221; size=&#8221;xs&#8221; align=&#8221;left&#8221; i_icon_fontawesome=&#8221;fas fa-circle&#8221; css_animation=&#8221;none&#8221; add_icon=&#8221;true&#8221; css=&#8221;.vc_custom_1616062879457{margin-top: 2% !important;}&#8221; el_id=&#8221;webinar-btn&#8221; link=&#8221;url:%2Fes%2Fwebinars%2F&#8221;][\/vc_column][vc_column width=&#8221;1\/3&#8243;][\/vc_column][vc_column width=&#8221;1\/3&#8243;][\/vc_column][\/vc_row]<\/p>\n","protected":false},"excerpt":{"rendered":"<p>[vc_row full_width=&#8221;stretch_row_content_no_spaces&#8221; equal_height=&#8221;yes&#8221; rtl_reverse=&#8221;yes&#8221; content_placement=&#8221;top&#8221;][vc_column width=&#8221;1\/3&#8243;][vc_custom_heading text=&#8221;Vine Confia Guanya&#8221; font_container=&#8221;tag:h1|font_size:70px|text_align:left|color:%23083944&#8243; use_theme_fonts=&#8221;yes&#8221; css_animation=&#8221;fadeInDown&#8221;][vc_column_text css_animation=&#8221;fadeInUp&#8221; el_class=&#8221;paragrafo padding10 font15&#8243;] La nostra ra\u00f3 de ser Ajudem els marketers, de forma r\u00e0pida i efica\u00e7, a aconseguir el millor M\u00e0rqueting per als seus nous clients.[\/vc_column_text][vc_btn title=&#8221;Reg\u00edstra&#8217;t GRATIS&#8221; style=&#8221;custom&#8221; custom_background=&#8221;#9c495d&#8221; custom_text=&#8221;#ffffff&#8221; shape=&#8221;round&#8221; size=&#8221;lg&#8221; align=&#8221;left&#8221; css_animation=&#8221;fadeInUp&#8221; link=&#8221;url:https%3A%2F%2Flps.adaoncloud.com%2F2IHj2&#8243;][\/vc_column][vc_column width=&#8221;2\/3&#8243; css=&#8221;.vc_custom_1613127373738{background-image: url(https:\/\/www.www.adaoncloud.com\/ct\/wp-content\/uploads\/sites\/16\/2021\/02\/ada-man-pc.png?id=1542) !important;background-position: center !important;background-repeat: [&hellip;]<\/p>\n","protected":false},"author":1,"featured_media":0,"parent":0,"menu_order":0,"comment_status":"closed","ping_status":"closed","template":"","meta":{"om_disable_all_campaigns":false},"_links":{"self":[{"href":"https:\/\/www.adaoncloud.com\/cat\/wp-json\/wp\/v2\/pages\/26"}],"collection":[{"href":"https:\/\/www.adaoncloud.com\/cat\/wp-json\/wp\/v2\/pages"}],"about":[{"href":"https:\/\/www.adaoncloud.com\/cat\/wp-json\/wp\/v2\/types\/page"}],"author":[{"embeddable":true,"href":"https:\/\/www.adaoncloud.com\/cat\/wp-json\/wp\/v2\/users\/1"}],"replies":[{"embeddable":true,"href":"https:\/\/www.adaoncloud.com\/cat\/wp-json\/wp\/v2\/comments?post=26"}],"version-history":[{"count":81,"href":"https:\/\/www.adaoncloud.com\/cat\/wp-json\/wp\/v2\/pages\/26\/revisions"}],"predecessor-version":[{"id":15642,"href":"https:\/\/www.adaoncloud.com\/cat\/wp-json\/wp\/v2\/pages\/26\/revisions\/15642"}],"wp:attachment":[{"href":"https:\/\/www.adaoncloud.com\/cat\/wp-json\/wp\/v2\/media?parent=26"}],"curies":[{"name":"wp","href":"https:\/\/api.w.org\/{rel}","templated":true}]}}