{"id":8346,"date":"2022-03-07T11:10:19","date_gmt":"2022-03-07T10:10:19","guid":{"rendered":"https:\/\/www.adaoncloud.com\/ct\/?page_id=8346"},"modified":"2023-03-15T11:57:46","modified_gmt":"2023-03-15T10:57:46","slug":"automation","status":"publish","type":"page","link":"https:\/\/www.adaoncloud.com\/cat\/automation\/","title":{"rendered":"Automation CAT"},"content":{"rendered":"<p>[vc_row full_width=&#8221;stretch_row_content_no_spaces&#8221; equal_height=&#8221;yes&#8221; rtl_reverse=&#8221;yes&#8221; content_placement=&#8221;top&#8221; css=&#8221;.vc_custom_1613661852478{margin-bottom: 0px !important;padding-bottom: 0px !important;}&#8221;][vc_column width=&#8221;1\/3&#8243;][vc_custom_heading text=&#8221;Senzilla<br \/>\nAutom\u00e0tica<br \/>\nPerformant&#8221; font_container=&#8221;tag:h1|font_size:55px|text_align:left|color:%23083944&#8243; use_theme_fonts=&#8221;yes&#8221; css_animation=&#8221;fadeInDown&#8221;][vc_column_text css_animation=&#8221;fadeInUp&#8221; el_class=&#8221;paragrafo padding10 font15&#8243;]<\/p>\n<h4>ADA Marketing Automation<\/h4>\n<p>Adquirir, convertir i nodrir els leads \u00e9s fonamental per crear una base de dades qualificada. Automatitza els teus processos de comunicaci\u00f3, optimitzant el temps d&#8217;interacci\u00f3 amb el p\u00fablic i reduir el temps dedicat a activitats avorrides i repetitives.[\/vc_column_text][vc_btn title=&#8221;Registra&#8217;t GRATIS&#8221; style=&#8221;custom&#8221; custom_background=&#8221;#9c495d&#8221; custom_text=&#8221;#ffffff&#8221; shape=&#8221;round&#8221; size=&#8221;lg&#8221; align=&#8221;left&#8221; css_animation=&#8221;fadeInUp&#8221; link=&#8221;url:https%3A%2F%2Flps.adaoncloud.com%2F2IHj2|title:Reg%C3%ADstrate%20GRATIS&#8221;][\/vc_column][vc_column width=&#8221;2\/3&#8243; css=&#8221;.vc_custom_1646320139705{margin-bottom: -30px !important;background-image: url(https:\/\/www.adaoncloud.com\/it\/wp-content\/uploads\/sites\/10\/2021\/07\/Automation-testimonial.png?id=591) !important;background-position: center !important;background-repeat: no-repeat !important;background-size: contain !important;}&#8221;][vc_single_image image=&#8221;8344&#8243; img_size=&#8221;full&#8221; el_class=&#8221;visible-hidden&#8221;][\/vc_column][\/vc_row][vc_section full_width=&#8221;stretch_row&#8221; css=&#8221;.vc_custom_1605103445882{margin-bottom: 0px !important;padding-bottom: 0px !important;background-color: #ffffff !important;}&#8221;][vc_row full_width=&#8221;stretch_row_content_no_spaces&#8221; content_placement=&#8221;top&#8221; css=&#8221;.vc_custom_1613662224239{padding-top: 50px !important;padding-right: 0px !important;padding-left: 0px !important;background-color: #1f9f97 !important;}&#8221;][vc_column css=&#8221;.vc_custom_1604939591857{padding-right: 5% !important;padding-left: 5% !important;}&#8221;][vc_row_inner][vc_column_inner width=&#8221;1\/2&#8243;][vc_single_image image=&#8221;8345&#8243; img_size=&#8221;full&#8221; css_animation=&#8221;flipInY&#8221;][vc_empty_space height=&#8221;35px&#8221;][\/vc_column_inner][vc_column_inner width=&#8221;1\/2&#8243;][vc_empty_space height=&#8221;55px&#8221;][vc_custom_heading text=&#8221;Configura el teu workflow&#8221; font_container=&#8221;tag:h2|text_align:left|color:%23ffffff&#8221; use_theme_fonts=&#8221;yes&#8221; css_animation=&#8221;fadeInDown&#8221;][vc_column_text]<\/p>\n<p style=\"text-align: left;color: #fff;font-size: 1.6rem;font-family: 'montserrat'\">En uns senzills passos, crear\u00e0s un aut\u00e8ntic funnel de conversi\u00f3 que et permetr\u00e0 enriquir la teva base de dades amb contactes qualificats, gr\u00e0cies a comunicacions espec\u00edfiques que es distribuiran autom\u00e0ticament en intervals de temps definits en funci\u00f3 de les teves necessitats.<\/p>\n<p>[\/vc_column_text][vc_empty_space height=&#8221;35px&#8221;][\/vc_column_inner][\/vc_row_inner][\/vc_column][\/vc_row][vc_row full_width=&#8221;stretch_row&#8221; equal_height=&#8221;yes&#8221; content_placement=&#8221;middle&#8221; css=&#8221;.vc_custom_1646232022405{padding-top: 5% !important;padding-right: 0px !important;padding-bottom: 3% !important;padding-left: 0px !important;}&#8221; el_class=&#8221;ver-align hidden-sm hidden-xs&#8221;][vc_column width=&#8221;1\/12&#8243;][\/vc_column][vc_column width=&#8221;5\/12&#8243;][vc_column_text]<\/p>\n<h3>Trigger, Accions i Condicions<\/h3>\n<p>El cor de la M\u00e0rqueting Automation \u00e9s el Workflow, o flux de treball intel\u00b7ligent,<br \/>\nque et permet gestionar autom\u00e0ticament els processos que es desencadenen d&#8217;acord amb les regles i condicions predefinides.<\/p>\n<p>Un Workflow est\u00e0 compost de:<\/p>\n<p><strong>Trigger<\/strong><br \/>\nEls Trigger s\u00f3n els esdeveniments que inicien l&#8217;automatitzaci\u00f3. Un workflow pot ser activat pel comportament d&#8217;un usuari o de la informaci\u00f3 que tenim<br \/>\nsobre ell.<\/p>\n<p><strong>Accions<\/strong><br \/>\nLes accions s\u00f3n una s\u00e8rie de processos que s&#8217;inicien autom\u00e0ticament. Per exemple, pots utilitzar accions per a comunicar-te amb els teus contactes per correu electr\u00f2nic, SMS o per a afegir un lead a un grup.<\/p>\n<p><strong>Condicions<\/strong><br \/>\nLes condicions permeten inserir temps d&#8217;espera o filtrar grups de contactes<br \/>\navan\u00e7ant en els teus fluxos de treball.[\/vc_column_text][vc_btn title=&#8221;Registra&#8217;t GRATIS&#8221; style=&#8221;custom&#8221; custom_background=&#8221;#9c495d&#8221; custom_text=&#8221;#ffffff&#8221; shape=&#8221;round&#8221; size=&#8221;lg&#8221; align=&#8221;left&#8221; css_animation=&#8221;fadeInUp&#8221; link=&#8221;url:https%3A%2F%2Flps.adaoncloud.com%2F2IHj2|title:Reg%C3%ADstrate%20GRATIS&#8221;][\/vc_column][vc_column width=&#8221;5\/12&#8243;][vc_single_image image=&#8221;8341&#8243; img_size=&#8221;full&#8221;][\/vc_column][vc_column width=&#8221;1\/12&#8243;][\/vc_column][\/vc_row][vc_row full_width=&#8221;stretch_row&#8221; equal_height=&#8221;yes&#8221; content_placement=&#8221;middle&#8221; css=&#8221;.vc_custom_1646232030085{padding-top: 5% !important;padding-right: 0px !important;padding-bottom: 3% !important;padding-left: 0px !important;}&#8221; el_class=&#8221;ver-align hidden-md hidden-lg&#8221;][vc_column width=&#8221;1\/12&#8243;][\/vc_column][vc_column width=&#8221;5\/12&#8243;][vc_single_image image=&#8221;8341&#8243; img_size=&#8221;full&#8221;][\/vc_column][vc_column width=&#8221;5\/12&#8243;][vc_column_text]<\/p>\n<h3>Trigger, Accions i Condicions<\/h3>\n<p>El cor de la M\u00e0rqueting Automation \u00e9s el Workflow, o flux de treball intel\u00b7ligent,<br \/>\nque et permet gestionar autom\u00e0ticament els processos que es desencadenen d&#8217;acord amb les regles i condicions predefinides.<\/p>\n<p>Un Workflow est\u00e0 compost de:<\/p>\n<p><strong>Trigger<\/strong><br \/>\nEls Trigger s\u00f3n els esdeveniments que inicien l&#8217;automatitzaci\u00f3. Un workflow pot ser activat pel comportament d&#8217;un usuari o de la informaci\u00f3 que tenim<br \/>\nsobre ell.<\/p>\n<p><strong>Accions<\/strong><br \/>\nLes accions s\u00f3n una s\u00e8rie de processos que s&#8217;inicien autom\u00e0ticament. Per exemple, pots utilitzar accions per a comunicar-te amb els teus contactes per correu electr\u00f2nic, SMS o per a afegir un lead a un grup.<\/p>\n<p><strong>Condicions<\/strong><br \/>\nLes condicions permeten inserir temps d&#8217;espera o filtrar grups de contactes<br \/>\navan\u00e7ant en els teus fluxos de treball.[\/vc_column_text][vc_btn title=&#8221;Registra&#8217;t GRATIS&#8221; style=&#8221;custom&#8221; custom_background=&#8221;#9c495d&#8221; custom_text=&#8221;#ffffff&#8221; shape=&#8221;round&#8221; size=&#8221;lg&#8221; align=&#8221;left&#8221; css_animation=&#8221;fadeInUp&#8221; link=&#8221;url:https%3A%2F%2Flps.adaoncloud.com%2F2IHj2|title:Reg%C3%ADstrate%20GRATIS&#8221;][\/vc_column][vc_column width=&#8221;1\/12&#8243;][\/vc_column][\/vc_row][vc_row full_width=&#8221;stretch_row&#8221; equal_height=&#8221;yes&#8221; content_placement=&#8221;middle&#8221; css=&#8221;.vc_custom_1646232080504{padding-top: 3% !important;padding-right: 0px !important;padding-bottom: 3% !important;padding-left: 0px !important;background-color: #f8f8f8 !important;}&#8221; el_class=&#8221;ver-align&#8221;][vc_column width=&#8221;1\/12&#8243;][\/vc_column][vc_column width=&#8221;5\/12&#8243;][vc_single_image image=&#8221;8340&#8243; img_size=&#8221;full&#8221;][\/vc_column][vc_column width=&#8221;1\/12&#8243;][\/vc_column][vc_column width=&#8221;4\/12&#8243;][vc_empty_space height=&#8221;55px&#8221;][vc_column_text]<\/p>\n<h3>Captura i converteix nous leads<\/h3>\n<p>Aconsegueix un major engagement enviant missatges personalitzats, continguts que canvien en funci\u00f3 de les accions que realitzin els usuaris. Una efica\u00e7 i precisa segmentaci\u00f3 i perfilaci\u00f3 de contactes et permetran transformar els leads en clients, creant un vincle durador i de valor.[\/vc_column_text][vc_btn title=&#8221;Registra&#8217;t GRATIS&#8221; style=&#8221;custom&#8221; custom_background=&#8221;#9c495d&#8221; custom_text=&#8221;#ffffff&#8221; shape=&#8221;round&#8221; size=&#8221;lg&#8221; align=&#8221;left&#8221; css_animation=&#8221;fadeInUp&#8221; link=&#8221;url:https%3A%2F%2Flps.adaoncloud.com%2F2IHj2|title:Reg%C3%ADstrate%20GRATIS&#8221;][\/vc_column][vc_column width=&#8221;1\/12&#8243;][\/vc_column][\/vc_row][vc_row full_width=&#8221;stretch_row&#8221; equal_height=&#8221;yes&#8221; content_placement=&#8221;middle&#8221; css=&#8221;.vc_custom_1625482695819{padding-top: 3% !important;padding-right: 0px !important;padding-bottom: 3% !important;padding-left: 0px !important;}&#8221; el_class=&#8221;ver-align hidden-sm hidden-xs&#8221;][vc_column width=&#8221;1\/12&#8243;][\/vc_column][vc_column width=&#8221;5\/12&#8243; css=&#8221;.vc_custom_1613645913688{padding-top: 3% !important;padding-right: 0px !important;padding-bottom: 3% !important;padding-left: 0px !important;background-position: center !important;background-repeat: no-repeat !important;background-size: contain !important;}&#8221;][vc_empty_space height=&#8221;55px&#8221;][vc_column_text]<\/p>\n<h3>Dissenyar la ruta automatitzada del client<\/h3>\n<p>Gr\u00e0cies als fluxos de treball f\u00e0cils de configurar, pots crear fluxos que creixin en funci\u00f3 de les dades i el comportament dels usuaris.<br \/>\nPots crear un n\u00famero infinit de workflows automatitzats, generant resultats concrets i constants al llarg del temps. No oblidis combinar aquesta estrat\u00e8gia amb la Intel\u00b7lig\u00e8ncia Artificial per a oferir experi\u00e8ncies innovadores i personalitzades.[\/vc_column_text][vc_btn title=&#8221;Registra&#8217;t GRATIS&#8221; style=&#8221;custom&#8221; custom_background=&#8221;#9c495d&#8221; custom_text=&#8221;#ffffff&#8221; shape=&#8221;round&#8221; size=&#8221;lg&#8221; align=&#8221;left&#8221; css_animation=&#8221;fadeInUp&#8221; link=&#8221;url:https%3A%2F%2Flps.adaoncloud.com%2F2IHj2|title:Reg%C3%ADstrate%20GRATIS&#8221;][\/vc_column][vc_column width=&#8221;5\/12&#8243;][vc_empty_space height=&#8221;65px&#8221;][vc_single_image image=&#8221;15963&#8243; img_size=&#8221;full&#8221;][\/vc_column][vc_column width=&#8221;1\/12&#8243;][\/vc_column][\/vc_row][vc_row full_width=&#8221;stretch_row&#8221; equal_height=&#8221;yes&#8221; content_placement=&#8221;middle&#8221; css=&#8221;.vc_custom_1646232132085{padding-top: 3% !important;padding-right: 0px !important;padding-bottom: 3% !important;padding-left: 0px !important;}&#8221; el_class=&#8221;ver-align hidden-md hidden-lg&#8221;][vc_column width=&#8221;1\/12&#8243;][\/vc_column][vc_column width=&#8221;5\/12&#8243;][vc_empty_space height=&#8221;65px&#8221;][vc_single_image image=&#8221;8364&#8243; img_size=&#8221;full&#8221;][\/vc_column][vc_column width=&#8221;5\/12&#8243; css=&#8221;.vc_custom_1613645913688{padding-top: 3% !important;padding-right: 0px !important;padding-bottom: 3% !important;padding-left: 0px !important;background-position: center !important;background-repeat: no-repeat !important;background-size: contain !important;}&#8221;][vc_empty_space height=&#8221;55px&#8221;][vc_column_text]<\/p>\n<h3>Dissenyar la ruta automatitzada del client<\/h3>\n<p>Gr\u00e0cies als fluxos de treball f\u00e0cils de configurar, pots crear fluxos que creixin en funci\u00f3 de les dades i el comportament dels usuaris.<br \/>\nPots crear un n\u00famero infinit de workflows automatitzats, generant resultats concrets i constants al llarg del temps. No oblidis combinar aquesta estrat\u00e8gia amb la Intel\u00b7lig\u00e8ncia Artificial per a oferir experi\u00e8ncies innovadores i personalitzades.[\/vc_column_text][vc_btn title=&#8221;Registra&#8217;t GRATIS&#8221; style=&#8221;custom&#8221; custom_background=&#8221;#9c495d&#8221; custom_text=&#8221;#ffffff&#8221; shape=&#8221;round&#8221; size=&#8221;lg&#8221; align=&#8221;left&#8221; css_animation=&#8221;fadeInUp&#8221; link=&#8221;url:https%3A%2F%2Flps.adaoncloud.com%2F2IHj2|title:Reg%C3%ADstrate%20GRATIS&#8221;][\/vc_column][vc_column width=&#8221;1\/12&#8243;][\/vc_column][\/vc_row][\/vc_section][vc_row full_width=&#8221;stretch_row&#8221; equal_height=&#8221;yes&#8221; content_placement=&#8221;middle&#8221; css=&#8221;.vc_custom_1646232581672{padding-top: 3% !important;padding-right: 0px !important;padding-bottom: 3% !important;padding-left: 0px !important;background-color: #9c495d !important;}&#8221; el_class=&#8221;ver-align&#8221;][vc_column width=&#8221;1\/12&#8243;][\/vc_column][vc_column width=&#8221;5\/12&#8243;][vc_empty_space height=&#8221;55px&#8221;][vc_column_text]<\/p>\n<h3 style=\"color: #ffffff!important\">La Markting Automation<br \/>\nque treballa per a tu<\/h3>\n<p style=\"color: #ffffff!important\">Descarrega l&#8217;ebook amb exemples de fluxos de treball que pots crear per al teu negoci.<\/p>\n<p>[\/vc_column_text][vc_single_image image=&#8221;8347&#8243; img_size=&#8221;full&#8221; alignment=&#8221;center&#8221;][\/vc_column][vc_column width=&#8221;5\/12&#8243;][vc_empty_space height=&#8221;55px&#8221;]<div role=\"form\" class=\"wpcf7\" id=\"wpcf7-f8337-o1\" lang=\"es-ES\" dir=\"ltr\">\n<div class=\"screen-reader-response\"><p role=\"status\" aria-live=\"polite\" aria-atomic=\"true\"><\/p> <ul><\/ul><\/div>\n<form action=\"\/cat\/wp-json\/wp\/v2\/pages\/8346#wpcf7-f8337-o1\" method=\"post\" class=\"wpcf7-form init\" novalidate=\"novalidate\" data-status=\"init\">\n<div style=\"display: none;\">\n<input type=\"hidden\" name=\"_wpcf7\" value=\"8337\" \/>\n<input type=\"hidden\" name=\"_wpcf7_version\" value=\"5.4.1\" \/>\n<input type=\"hidden\" name=\"_wpcf7_locale\" value=\"es_ES\" \/>\n<input type=\"hidden\" name=\"_wpcf7_unit_tag\" value=\"wpcf7-f8337-o1\" \/>\n<input type=\"hidden\" name=\"_wpcf7_container_post\" value=\"0\" \/>\n<input type=\"hidden\" name=\"_wpcf7_posted_data_hash\" value=\"\" \/>\n<\/div>\n<p><label>\n<p style=\"color:#ffffff!important; padding-top:15px;\">Nom*<\/p>\n<p>    <span class=\"wpcf7-form-control-wrap your-name\"><input type=\"text\" name=\"your-name\" value=\"\" size=\"40\" class=\"wpcf7-form-control wpcf7-text wpcf7-validates-as-required\" aria-required=\"true\" aria-invalid=\"false\" \/><\/span> <\/label><\/p>\n<p><label>\n<p style=\"color:#ffffff!important; padding-top:15px;\">Email*<\/p>\n<p>    <span class=\"wpcf7-form-control-wrap your-email\"><input type=\"email\" name=\"your-email\" value=\"\" size=\"40\" class=\"wpcf7-form-control wpcf7-text wpcf7-email wpcf7-validates-as-required wpcf7-validates-as-email\" aria-required=\"true\" aria-invalid=\"false\" \/><\/span> <\/label><\/p>\n<p><label>\n<p style=\"color:#ffffff!important; padding-top:15px;\">M\u00f2bil*<\/p>\n<p>    <span class=\"wpcf7-form-control-wrap Cellulare\"><input type=\"text\" name=\"Cellulare\" value=\"\" size=\"40\" class=\"wpcf7-form-control wpcf7-text wpcf7-validates-as-required\" aria-required=\"true\" aria-invalid=\"false\" \/><\/span><\/label><\/p>\n<p><label>\n<p style=\"color:#ffffff!important; padding-top:15px;\">Ets*<\/p>\n<p>    <span class=\"wpcf7-form-control-wrap Eres\"><select name=\"Eres\" class=\"wpcf7-form-control wpcf7-select wpcf7-validates-as-required\" aria-required=\"true\" aria-invalid=\"false\"><option value=\"Una empresa\">Una empresa<\/option><option value=\"Un freelance\">Un freelance<\/option><option value=\"Una ag\u00e8ncia\">Una ag\u00e8ncia<\/option><option value=\"Un emprenedor\">Un emprenedor<\/option><\/select><\/span><\/label><\/p>\n<p><label>\n<p style=\"color:#ffffff!important; padding-top:15px;\">Lloc web<\/p>\n<p>    <span class=\"wpcf7-form-control-wrap sitoweb\"><input type=\"text\" name=\"sitoweb\" value=\"\" size=\"40\" class=\"wpcf7-form-control wpcf7-text\" aria-invalid=\"false\" \/><\/span><\/label><br \/>\n<br><br \/>\n<label><span class=\"wpcf7-form-control-wrap privacypolicy\"><span class=\"wpcf7-form-control wpcf7-acceptance\"><span class=\"wpcf7-list-item\"><input type=\"checkbox\" name=\"privacypolicy\" value=\"1\" aria-invalid=\"false\" class=\"privacypolicy\" id=\"privacypolicy\" \/><\/span><\/span><\/span>CONFIRMO HAVER LLEGIT LA INFORMACI\u00d3 SOBRE EL <a href='https:\/\/www.adaoncloud.com\/ct\/privacy-policy\/'>TRACTAMENT DE DADES<\/a><\/label><br \/>\n[c4wp_nocaptcha g-recaptcha-response]<br \/>\n<input type=\"submit\" value=\"ENVIA\" class=\"wpcf7-form-control wpcf7-submit verde-btn-custom\" \/><\/p>\n<div class=\"wpcf7-response-output\" aria-hidden=\"true\"><\/div><\/form><\/div>[\/vc_column][vc_column width=&#8221;1\/12&#8243;][\/vc_column][\/vc_row][vc_row el_class=&#8221;bottomMenu&#8221;][vc_column width=&#8221;1\/3&#8243;][vc_btn title=&#8221;Live webinar | Inscriu-te gratis&#8221; style=&#8221;custom&#8221; custom_background=&#8221;#9c495d&#8221; custom_text=&#8221;#ffffff&#8221; shape=&#8221;round&#8221; size=&#8221;xs&#8221; align=&#8221;left&#8221; i_icon_fontawesome=&#8221;fas fa-circle&#8221; add_icon=&#8221;true&#8221; link=&#8221;url:https%3A%2F%2Fwww.adaoncloud.com%2Fcat%2Fwebinars%2F|title:webinars&#8221;][\/vc_column][vc_column width=&#8221;1\/3&#8243;][\/vc_column][vc_column width=&#8221;1\/3&#8243;][\/vc_column][\/vc_row]<\/p>\n","protected":false},"excerpt":{"rendered":"<p>[vc_row full_width=&#8221;stretch_row_content_no_spaces&#8221; equal_height=&#8221;yes&#8221; rtl_reverse=&#8221;yes&#8221; content_placement=&#8221;top&#8221; css=&#8221;.vc_custom_1613661852478{margin-bottom: 0px !important;padding-bottom: 0px !important;}&#8221;][vc_column width=&#8221;1\/3&#8243;][vc_custom_heading text=&#8221;Senzilla Autom\u00e0tica Performant&#8221; font_container=&#8221;tag:h1|font_size:55px|text_align:left|color:%23083944&#8243; use_theme_fonts=&#8221;yes&#8221; css_animation=&#8221;fadeInDown&#8221;][vc_column_text css_animation=&#8221;fadeInUp&#8221; el_class=&#8221;paragrafo padding10 font15&#8243;] ADA Marketing Automation Adquirir, convertir i nodrir els leads \u00e9s fonamental per crear una base de dades qualificada. Automatitza els teus processos de comunicaci\u00f3, optimitzant el temps d&#8217;interacci\u00f3 amb el p\u00fablic i reduir el [&hellip;]<\/p>\n","protected":false},"author":1,"featured_media":0,"parent":0,"menu_order":0,"comment_status":"closed","ping_status":"closed","template":"","meta":{"om_disable_all_campaigns":false},"_links":{"self":[{"href":"https:\/\/www.adaoncloud.com\/cat\/wp-json\/wp\/v2\/pages\/8346"}],"collection":[{"href":"https:\/\/www.adaoncloud.com\/cat\/wp-json\/wp\/v2\/pages"}],"about":[{"href":"https:\/\/www.adaoncloud.com\/cat\/wp-json\/wp\/v2\/types\/page"}],"author":[{"embeddable":true,"href":"https:\/\/www.adaoncloud.com\/cat\/wp-json\/wp\/v2\/users\/1"}],"replies":[{"embeddable":true,"href":"https:\/\/www.adaoncloud.com\/cat\/wp-json\/wp\/v2\/comments?post=8346"}],"version-history":[{"count":24,"href":"https:\/\/www.adaoncloud.com\/cat\/wp-json\/wp\/v2\/pages\/8346\/revisions"}],"predecessor-version":[{"id":15964,"href":"https:\/\/www.adaoncloud.com\/cat\/wp-json\/wp\/v2\/pages\/8346\/revisions\/15964"}],"wp:attachment":[{"href":"https:\/\/www.adaoncloud.com\/cat\/wp-json\/wp\/v2\/media?parent=8346"}],"curies":[{"name":"wp","href":"https:\/\/api.w.org\/{rel}","templated":true}]}}